{"id":46,"date":"2025-11-26T14:33:15","date_gmt":"2025-11-26T14:33:15","guid":{"rendered":"https:\/\/eletro1automacao.com.br\/home\/"},"modified":"2025-11-28T21:52:42","modified_gmt":"2025-11-28T21:52:42","slug":"home","status":"publish","type":"page","link":"https:\/\/eletro1automacao.com.br\/","title":{"rendered":"El\u00e9trica e Automa\u00e7\u00e3o"},"content":{"rendered":"\n\n\n\n\n\n<h1>Sobre a Eletro 1<\/h1>\n<h1>Desde 2018 no mercado, a Eletro 1 \u00e9 l\u00edder em servi\u00e7os el\u00e9tricos em Holambra\/SP, oferecendo sempre seguran\u00e7a e inova\u00e7\u00e3o em todos os seus atendimentos\/projetos. Somos e<span style=\"font-family: system-ui, -apple-system, BlinkMacSystemFont, &quot;.SFNSText-Regular&quot;, sans-serif; font-size: 15px; caret-color: rgb(8, 8, 9); color: rgb(8, 8, 9); text-align: center;\">specializados em el\u00e9trica e automa\u00e7<\/span><span style=\"font-family: system-ui, -apple-system, BlinkMacSystemFont, &quot;.SFNSText-Regular&quot;, sans-serif; font-size: 15px; text-align: center; caret-color: rgb(8, 8, 9); color: rgb(8, 8, 9);\">\u00e3o para estufas agr\u00edcolas, fornecemos aos clientes os melhores servi\u00e7os e produtos de el\u00e9trica e automa\u00e7\u00e3o no mercado.<\/span><span style=\"font-family: system-ui, -apple-system, BlinkMacSystemFont, &quot;.SFNSText-Regular&quot;, sans-serif; font-size: 15px; text-align: center; caret-color: rgb(8, 8, 9); color: rgb(8, 8, 9);\">&nbsp;<\/span><\/h1>\n\n\n\n\n\n<h2>Diferenciais da Eletro 1<\/h2>\n\n\n<p><span style=\"color: rgb(255, 255, 255);\">Nossa equipe \u00e9 composta por profissionais altamente capacitados e certificados na \u00e1rea el\u00e9trica.<\/span><\/p>\n\n\n<p><span style=\"color: rgb(255, 255, 255);\">Realizamos todos os procedimentos seguindo rigorosamente as normas de seguran\u00e7a vigentes.<\/span><\/p>\n\n\n\n\n<p><span style=\"color: rgb(255, 255, 255);\">Buscamos sempre alternativas que promovam a efici\u00eancia energ\u00e9tica e redu\u00e7\u00e3o de custos.<\/span><\/p>\n\n\n<p><span style=\"color: rgb(255, 255, 255);\">Nosso foco \u00e9 entender suas necessidades espec\u00edficas para oferecer a melhor solu\u00e7\u00e3o.<\/span><\/p>\n\n\n\n\n\n\n\n\n\n\n\n\n<h2>Nossos Servi\u00e7os<\/h2>\n<h1>Oferencendo solu\u00e7\u00f5es desde consultoria, projeto, instala\u00e7\u00f5es e at\u00e9 o fornecimento de materiais el\u00e9tricos.<\/h1>\n\n\n\n\n\n\n<p><span>Realizados uma automa\u00e7\u00e3o proporcionando monitoramento e condi\u00e7\u00f5es ideais para o desenvolvimento dos cultivos.<\/span><\/p>\n<p>Realizamos instala\u00e7\u00f5es el\u00e9tricas seguras e eficientes, garantindo que suas opera\u00e7\u00f5es funcionem sem interrup\u00e7\u00f5es.<br><\/p>\n\n\n<p><span>Tudo que voc\u00ea precisa de el\u00e9trica voc\u00ea encontra aqui, com qualidade e economia.<\/span><\/p>\n<p><span>Projetamos pain\u00e9is com base nas informa\u00e7\u00f5es do cliente, capaz de atender todas as necessidades do cliente.<\/span><\/p>\n\n\n<p><span>Estamos prontos para solucionar qualquer falha el\u00e9trica rapidamente, minimizando o tempo de inatividade da sua empresa.<\/span><\/p>\n<p><span>Nossos planos de manuten\u00e7\u00e3o preventiva ajudam a evitar problemas futuros, garantindo a longevidade dos seus sistemas el\u00e9tricos.<\/span><\/p>\n\n\n\n\n\n\n\n\n<h2>Nossos Produtos<\/h2>\n<h1 style=\"font-family: Quicksand; color: rgb(33, 33, 33);\">Descubra algumas op\u00e7\u00f5es de produtos que voc\u00ea pode encontrar aqui na Eletro 1, solicite seu or\u00e7amento sem compromisso.<\/h1>\n\n\n\n\n\n\n\n\n\n\n\n<p style=\"text-align: center; color: rgb(255, 255, 255);\">a partir de<\/p>\n<h4>R$30,00<\/h4>\n\n\n\n\n\n\n\n\n<p style=\"text-align: center; color: rgb(255, 255, 255);\">a partir de<\/p>\n<h4>R$80,00<\/h4>\n\n\n\n\n\n\n\n\n\n\n\n\n<p style=\"text-align: center; color: rgb(255, 255, 255);\">a partir de<\/p>\n<h4>R$30,00<\/h4>\n\n\n\n\n\n\n\n\n<p style=\"text-align: center; color: rgb(255, 255, 255);\">a partir de<\/p>\n<h4>R$50,00<\/h4>\n\n\n\n\n\n\n\n\n\n\n\n\n<p style=\"text-align: center; color: rgb(255, 255, 255);\">a partir de<\/p>\n<h4>R$95,00<\/h4>\n\n\n\n\n\n\n\n\n<p style=\"text-align: center; color: rgb(255, 255, 255);\">a partir de<\/p>\n<h4>R$30,00<\/h4>\n\n\n\n\n\n\n\n\n\n\n\n<h1 style=\"font-family: Poppins; color: rgb(0, 0, 0); text-align: center;\">Entre em Contato<\/h1>\n\n<h1 style=\"font-family: Quicksand; color: rgb(33, 33, 33);\">(019) 99252-9778<\/h1>\n<h1 style=\"font-family: Quicksand; color: rgb(33, 33, 33);\">(019) 99651-8984<\/h1>\n<h1 style=\"font-family: Quicksand; color: rgb(33, 33, 33);\"><span style=\"color: black; font-family: Roboto, Arial; font-size: 14px; text-align: start; white-space: nowrap;\">lucas@eletro1automacao.com.br<\/span><\/h1>\n<h1 style=\"font-family: Quicksand; color: rgb(33, 33, 33);\"><span style=\"color: black; font-family: Roboto, Arial; font-size: 14px; text-align: start; white-space: nowrap;\">R. Ant\u00f4nio Jorge Frade, 262,&nbsp;<\/span><\/h1>\n<h1 style=\"font-family: Quicksand; color: rgb(33, 33, 33);\"><span style=\"caret-color: rgb(0, 0, 0); color: rgb(0, 0, 0); font-family: Quicksand; text-align: start; white-space: nowrap; letter-spacing: 0px;\">Centro, Holambra\/SP<\/span><br><\/h1>\n\n\n\n\n\n\n\n\n\nR. Ant\u00f4nio Jorge Frade, 262 R. Ant\u00f4nio Jorge Frade, 262, Holambra &#8211; SP, 13825-000\n\n\n\n\n\n\n","protected":false},"excerpt":{"rendered":"","protected":false},"author":1,"featured_media":0,"parent":0,"menu_order":0,"comment_status":"closed","ping_status":"closed","template":"","meta":{"pagelayer_contact_templates":[],"_pagelayer_content":"","footnotes":""},"class_list":["post-46","page","type-page","status-publish","hentry"],"_links":{"self":[{"href":"https:\/\/eletro1automacao.com.br\/index.php?rest_route=\/wp\/v2\/pages\/46","targetHints":{"allow":["GET"]}}],"collection":[{"href":"https:\/\/eletro1automacao.com.br\/index.php?rest_route=\/wp\/v2\/pages"}],"about":[{"href":"https:\/\/eletro1automacao.com.br\/index.php?rest_route=\/wp\/v2\/types\/page"}],"author":[{"embeddable":true,"href":"https:\/\/eletro1automacao.com.br\/index.php?rest_route=\/wp\/v2\/users\/1"}],"replies":[{"embeddable":true,"href":"https:\/\/eletro1automacao.com.br\/index.php?rest_route=%2Fwp%2Fv2%2Fcomments&post=46"}],"version-history":[{"count":42,"href":"https:\/\/eletro1automacao.com.br\/index.php?rest_route=\/wp\/v2\/pages\/46\/revisions"}],"predecessor-version":[{"id":160,"href":"https:\/\/eletro1automacao.com.br\/index.php?rest_route=\/wp\/v2\/pages\/46\/revisions\/160"}],"wp:attachment":[{"href":"https:\/\/eletro1automacao.com.br\/index.php?rest_route=%2Fwp%2Fv2%2Fmedia&parent=46"}],"curies":[{"name":"wp","href":"https:\/\/api.w.org\/{rel}","templated":true}]}}